{"id":779,"date":"2019-05-21T09:02:56","date_gmt":"2019-05-21T09:02:56","guid":{"rendered":"http:\/\/www2019.bsbff.de\/?page_id=779"},"modified":"2026-01-05T13:37:45","modified_gmt":"2026-01-05T13:37:45","slug":"downloads","status":"publish","type":"page","link":"https:\/\/www.bsbff.de\/index.php\/downloads\/","title":{"rendered":"Downloads"},"content":{"rendered":"<div class=\"wpb-content-wrapper\"><p>[vc_row][vc_column][vc_column_text css=&#8220;&#8220;]<\/p>\n<h2><span style=\"color: #f29400;\">Formulare f\u00fcr die Kinderbetreuung durch K.N.U.T. oder Pa.U.L.A.<\/span><\/h2>\n<p>Eine Betreuung durch uns wird bald stattfinden und Sie m\u00f6chten die ben\u00f6tigten Unterlagen schon vorab in Ruhe lesen und ausf\u00fcllen? Kein Problem, die pdf-Versionen der Formulare finden sie hier.<br \/>\nAber keine Sorge, wenn der Drucker spinnt oder Sie es vorher einfach nicht schaffen! Ihre Betreuungskraft bringt die Unterlagen ebenfalls mit, geht diese mit Ihnen durch und kann Fragen beantworten. Nach dem Ausf\u00fcllen sammelt Ihre Betreuungsperson die Papiere ein und leitet sie an den Verein weiter.<\/p>\n<p>&nbsp;<\/p>\n<dl>\n<dt><b>Grunds\u00e4tzlich auszuf\u00fcllende Dokumente:<\/b><\/dt>\n<dd><\/dd>\n<dt><a href=\"http:\/\/www.bsbff.de\/wp-content\/uploads\/Vertrag_Knut_Paula_20251117.pdf\">Vertrag f\u00fcr kurzfristige Kinderbetreuung (Stand Januar 2026) (pdf)<\/a><\/dt>\n<dd>Hiermit beauftragen Sie die Kinderbetreuung. Der Vertrag wird zwischen den Eltern und der Betreuungskraft abgeschlossen und regelt die Grundbedingungen des Miteinander (z. B. Kosten).<br \/>\nAuf der zweiten Seite tragen Sie ein, wie die Betreuungskraft Sie bei Fragen erreichen kann. Sie zeichnen auf diesem Formular sp\u00e4ter ab, in welchem Zeitraum die Betreuung erfolgen soll bzw. tats\u00e4chlich erfolgt ist.<\/dd>\n<dt><a href=\"http:\/\/www.bsbff.de\/wp-content\/uploads\/informationen_zum_kind.pdf\" target=\"_blank\" rel=\"noopener noreferrer\">Informationen zum Kind \/ zu den Kindern\u00a0(pdf)<\/a><\/dt>\n<dd>Unsere Checkliste, auf der alle Informationen zu der Betreuung gesammelt werden &#8211; das wann, wo und wie, aber auch Allergien oder Informationen zu Schlafgewohnheiten &#8230;<\/dd>\n<dt><a href=\"http:\/\/www.bsbff.de\/wp-content\/uploads\/Sepa_lastschriftmandat.pdf\" target=\"_blank\" rel=\"noopener noreferrer\">SEPA-Lastschriftmandat\u00a0(pdf)<\/a><\/dt>\n<dd>Bei Vorliegen eines SEPA-Lastschriftmandates ziehen wir die Kinderbetreuungskosten per Basis-Lastschrift von Ihrem Konto ein. Dadurch k\u00f6nnen Sie diese\u00a0<em>steuerlich geltend<\/em> machen. Alternativ k\u00f6nnen Sie bar nach Ende der Betreuung zahlen, dann quittiert Ihnen die Betreuungskraft den Erhalt des Geldes. In dem Fall werden die Kosten aber steuerlich nicht ber\u00fccksichtigt.<\/dd>\n<dt><a href=\"http:\/\/www.bsbff.de\/wp-content\/uploads\/Einverst\u00e4ndniserkl\u00e4rung-Erhebung-von-von-Daten.pdf\">Einverst\u00e4ndniserkl\u00e4rung Erhebung von von Daten<\/a><\/dt>\n<dd>Informationen zum Datenschutz \u00fcber unsere Verarbeitung von Kunden-und Interessentendaten nachArtikel 13, 14 und 21 der Datenschutzgrundverordnung (DSGVO)<\/dd>\n<\/dl>\n<p>&nbsp;<\/p>\n<p><b>Besonderheiten bei der Betreuung<\/b><br \/>\nSoll Ihr Kind aus dem Kindergarten abgeholt oder im Auto transportiert werden? Ihrem Kind m\u00fcssen dringend Medikamente im Betreuungszeitraum verabreicht werden? F\u00fcr diese Besonderheiten in der Betreuung ben\u00f6tigen wir weitere Formulare:<\/p>\n<dl>\n<dt><a href=\"http:\/\/www.bsbff.de\/wp-content\/uploads\/vollmacht_fuer_abholberechtigte.pdf\" target=\"_blank\" rel=\"noopener noreferrer\">Vollmacht f\u00fcr Abholberechtigte\u00a0(pdf)<\/a><\/dt>\n<dd>nur n\u00f6tig, falls Ihr Kind z. B. aus dem Kindergarten oder der Schulkindbetreuung abgeholt werden soll.<\/dd>\n<dt><a href=\"http:\/\/www.bsbff.de\/wp-content\/uploads\/Einverstaendniserklaerung_pkw-Mitnahme.pdf\" target=\"_blank\" rel=\"noopener noreferrer\">Einverst\u00e4ndniserklaerung PKW-Mitnahme\u00a0(pdf)<\/a><\/dt>\n<dd>nur n\u00f6tig, wenn eine Mitnahme im Auto der Betreuungskraft z.B. f\u00fcr au\u00dferh\u00e4usliche Aktivit\u00e4ten sowie ggf. die Erlaubnis zur Nutzung Ihres privaten PKW durch die Betreuungskraft geplant ist.<\/dd>\n<dt><a href=\"http:\/\/www.bsbff.de\/wp-content\/uploads\/Medikamenten_-ermaechtigung.pdf\" target=\"_blank\" rel=\"noopener noreferrer\">Medikamentengabe &#8211; Erm\u00e4chtigung durch die Sorgeberechtigten\u00a0(pdf)<\/a><\/dt>\n<dd>nur n\u00f6tig, wenn Ihr Kind erkrankt ist bzw. es dringend Medikamente verabreicht bekommen muss. Sie erlauben uns, Ihrem Kind Medikamente nach Ihrer Anweisung zu verabreichen.<\/dd>\n<dt><a href=\"http:\/\/www.bsbff.de\/wp-content\/uploads\/\u00c4erztliche_verordnung_zur_medikamentengabe.pdf\" target=\"_blank\" rel=\"noopener noreferrer\">\u00c4rztliche Verordnung zur Medikamentengabe\u00a0(pdf)<\/a><\/dt>\n<dd>nur n\u00f6tig, wenn Ihr Kind erkrankt ist bzw. es dringend Medikamente verabreicht bekommen muss. Um bestm\u00f6glich f\u00fcr Ihr Kind zu sorgen, ben\u00f6tigen wir die Verordnung des Arztes \u00fcber die Medikamentengabe.<\/dd>\n<\/dl>\n<p>Sollten Sie Fragen zu einzelnen Punkten haben, hilft Ihnen die Betreuungskraft nat\u00fcrlich gern weiter.<\/p>\n<p>&nbsp;<\/p>\n<p><a href=\"http:\/\/www.bsbff.de\/wp-content\/uploads\/T\u00e4tigkeitsnachweis_Betreuungskraefte.pdf\">T\u00e4tigkeitsnachweis_Betreuungskraefte<\/a><\/p>\n<p><a href=\"http:\/\/www.bsbff.de\/wp-content\/uploads\/Vertrag_Hanna_20250801.pdf\">Vertrag HannA (Stand August 2025)<\/a><\/p>\n<p><a href=\"http:\/\/www.bsbff.de\/wp-content\/uploads\/Vertrag_Knut_Paula_20251117.pdf\">Vertrag Knut + Paula_(Stand Januar 2026)<\/a><\/p>\n<p><a href=\"http:\/\/www.bsbff.de\/wp-content\/uploads\/Vertrag-Kinderbetreuung-Institutionen_2025-08.pdf\">Vertrag Kinderbetreuung Institutionen (Stand August <\/a><a href=\"http:\/\/www.bsbff.de\/wp-content\/uploads\/Vertrag_Hanna_2024.pdf\">2<\/a><a href=\"http:\/\/www.bsbff.de\/wp-content\/uploads\/Vertrag-Kinderbetreuung-Institutionen_2025-08.pdf\">025)<\/a><\/p>\n<p><a href=\"http:\/\/www.bsbff.de\/wp-content\/uploads\/Mitgliedsantrag.pdf\">Mitgliedsantrag<\/a><\/p>\n<p>&nbsp;<\/p>\n<p><a href=\"http:\/\/www.bsbff.de\/wp-content\/uploads\/faltblatt-knutpaulahanna-2019.pdf\" target=\"_blank\" rel=\"noopener\">Faltblatt KNUT &#8211; PaULA &#8211; HannA<\/a><\/p>\n<div id=\"OKAYFREEDOM_INJECTED\" style=\"display: none;\"><a href=\"http:\/\/www.bsbff.de\/wp-content\/uploads\/Mitgliedsantrag.pdf\">Mitgliedsantrag<\/a><\/div>\n<p>[\/vc_column_text][\/vc_column][\/vc_row]<\/p>\n<\/div>","protected":false},"excerpt":{"rendered":"<p>[vc_row][vc_column][vc_column_text css=&#8220;&#8220;] Formulare f\u00fcr die Kinderbetreuung durch K.N.U.T. oder Pa.U.L.A. Eine Betreuung durch uns wird bald stattfinden und Sie m\u00f6chten die ben\u00f6tigten Unterlagen schon vorab in Ruhe lesen und ausf\u00fcllen? Kein Problem, die pdf-Versionen der Formulare finden sie hier. Aber keine Sorge, wenn der Drucker spinnt oder Sie es vorher einfach nicht schaffen! Ihre Betreuungskraft&hellip;<\/p>\n","protected":false},"author":3,"featured_media":0,"parent":0,"menu_order":0,"comment_status":"closed","ping_status":"closed","template":"","meta":{"footnotes":""},"class_list":["post-779","page","type-page","status-publish","hentry","description-off"],"jetpack_shortlink":"https:\/\/wp.me\/PaLjmo-cz","jetpack_sharing_enabled":true,"_links":{"self":[{"href":"https:\/\/www.bsbff.de\/index.php\/wp-json\/wp\/v2\/pages\/779","targetHints":{"allow":["GET"]}}],"collection":[{"href":"https:\/\/www.bsbff.de\/index.php\/wp-json\/wp\/v2\/pages"}],"about":[{"href":"https:\/\/www.bsbff.de\/index.php\/wp-json\/wp\/v2\/types\/page"}],"author":[{"embeddable":true,"href":"https:\/\/www.bsbff.de\/index.php\/wp-json\/wp\/v2\/users\/3"}],"replies":[{"embeddable":true,"href":"https:\/\/www.bsbff.de\/index.php\/wp-json\/wp\/v2\/comments?post=779"}],"version-history":[{"count":47,"href":"https:\/\/www.bsbff.de\/index.php\/wp-json\/wp\/v2\/pages\/779\/revisions"}],"predecessor-version":[{"id":1058,"href":"https:\/\/www.bsbff.de\/index.php\/wp-json\/wp\/v2\/pages\/779\/revisions\/1058"}],"wp:attachment":[{"href":"https:\/\/www.bsbff.de\/index.php\/wp-json\/wp\/v2\/media?parent=779"}],"curies":[{"name":"wp","href":"https:\/\/api.w.org\/{rel}","templated":true}]}}